-13 - -116630?
116614
In base 2, what is -10 - 1001000111111101110?
-1001000111111110000
In base 4, what is 12 + 1320120?
1320132
In base 7, what is 24444525 - -5?
24444533
In base 6, what is -5251 - -534?
-4313
In base 12, what is -5154 + 0?
-5154
In base 7, what is 22364 + -46?
22315
In base 10, what is -27015 - -30?
-26985
In base 15, what is -3 + -108b5?
-108b8
In base 4, what is -2 - -10203320330?
10203320322
In base 9, what is -115217 + 1?
-115216
In base 3, what is -20221 - 20001?
-110222
In base 6, what is 42111 - -121?
42232
In base 13, what is -207 - 13?
-21a
In base 16, what is -18 + 2d3?
2bb
In base 16, what is -13fd3 + 1?
-13fd2
In base 9, what is 40 - -7272?
7322
In base 11, what is 125894a - 2?
1258948
In base 10, what is 2 - -140878?
140880
In base 11, what is 4 - 84023?
-8401a
In base 4, what is 133133 - 10?
133123
In base 11, what is 516 - 9?
508
In base 5, what is -23313 - 11142?
-40010
In base 16, what is 69e61 + 5?
69e66
In base 13, what is 2763 + -60?
2703
In base 2, what is 1000 - 1000111100111?
-1000111011111
In base 3, what is -20121200010 - -2?
-20121200001
In base 4, what is 211311222 - 10?
211311212
In base 2, what is -1111010011011110 - 111?
-1111010011100101
In base 12, what is -3 - -4865?
4862
In base 2, what is 1110001001111001 - -1110?
1110001010000111
In base 4, what is 123 + 3231?
10020
In base 15, what is -53d9 + 99?
-5340
In base 7, what is 10 - 214366?
-214356
In base 7, what is -2 + 16453523?
16453521
In base 3, what is -21210110 - 201?
-21211011
In base 12, what is 1 - 2a668?
-2a667
In base 8, what is 5340717 - 3?
5340714
In base 12, what is 26364 - 9?
26357
In base 13, what is 2 + 179ba?
179bc
In base 13, what is -2244b - 1?
-2244c
In base 3, what is 100121 - -2112011?
2212202
In base 13, what is 51 - -29ba4?
29c25
In base 2, what is -1111 - -10011101111011?
10011101101100
In base 6, what is 32521 - -2?
32523
In base 8, what is -1062 + -7?
-1071
In base 15, what is -cc3d2 - -1?
-cc3d1
In base 3, what is -12000 + 22220?
10220
In base 11, what is -15 - 12711?
-12726
In base 8, what is -11230736 + -3?
-11230741
In base 4, what is 10122301022 + 1?
10122301023
In base 15, what is -2c + -3e6a?
-3e97
In base 11, what is -2 + -10252?
-10254
In base 8, what is 1121 - 1570?
-447
In base 6, what is 5050 - -3?
5053
In base 9, what is -7 - 2114?
-2122
In base 3, what is -21 + -102112?
-102210
In base 3, what is 11221200 - 2?
11221121
In base 9, what is -2 - 2558?
-2561
In base 14, what is -16 - -155?
13d
In base 15, what is 2578 + -6?
2572
In base 15, what is -92 - -4c3?
431
In base 15, what is -502e + d?
-5021
In base 2, what is -1001011110110101011000 + 11?
-1001011110110101010101
In base 9, what is 761 + 107?
868
In base 7, what is -2 - -56252?
56250
In base 5, what is 3 - -21222324?
21222332
In base 11, what is -2 + 22341a?
223418
In base 3, what is -20022120 + 2012?
-20020101
In base 9, what is 137482 - -3?
137485
In base 6, what is -122544 + 50?
-122454
In base 14, what is -61b73 - 5?
-61b78
In base 4, what is 120132 - 2?
120130
In base 7, what is -24 + 54121?
54064
In base 7, what is -304 + -105?
-412
In base 15, what is 33b + 4?
340
In base 5, what is 433 - 13311?
-12323
In base 2, what is -1010100110001 + -11000?
-1010101001001
In base 3, what is 211 - 1110210002?
-1110202021
In base 10, what is 4 + 17775?
17779
In base 13, what is 4abc - c?
4ab0
In base 3, what is -1112022 - 2012?
-1121111
In base 12, what is -1367 - -12?
-1355
In base 4, what is 3 - 120200303?
-120200300
In base 8, what is -15 + 303060?
303043
In base 6, what is 4 + 40444?
40452
In base 13, what is 6 - -159c?
15a5
In base 10, what is -63 - -360?
297
In base 4, what is 11002311 - -20?
11002331
In base 7, what is 10 + -1234021?
-1234011
In base 12, what is 5b05 + -b2?
5a13
In base 11, what is 186037 - -2?
186039
In base 4, what is -2 - -1320003?
1320001
In base 6, what is -4 + 3110115?
3110111
In base 16, what is 1d - -639?
656
In base 2, what is -1001001101110 + 10?
-1001001101100
In base 12, what is 11059 + -7?
11052
In base 14, what is 125 - -b8a?
cb1
In base 13, what is 3640 + -b?
3632
In base 9, what is -5 - 36077?
-36083
In base 14, what is -5 - -750?
749
In base 4, what is 0 - -23210210?
23210210
In base 11, what is -15 + 2162?
2148
In base 6, what is -424 + 25?
-355
In base 10, what is 2883 - 46?
2837
In base 6, what is -232 + 301544?
301312
In base 9, what is -4464 + -1283?
-5757
In base 5, what is -13 + -1441?
-2004
In base 15, what is -3 + -5ca7?
-5caa
In base 9, what is -4 - -3013?
3008
In base 6, what is 2 - -131314?
131320
In base 16, what is 3 + -2252?
-224f
In base 10, what is 56895 + 8?
56903
In base 2, what is 100010010 - 1001100001?
-101001111
In base 7, what is -261365 - -21?
-261344
In base 8, what is -2270645 - 1?
-2270646
In base 7, what is -2623263 + -5?
-2623301
In base 13, what is -569b6 + -17?
-56a00
In base 4, what is -30002301 - 2?
-30002303
In base 8, what is -360 - -65?
-273
In base 13, what is -c71b2 + -4?
-c71b6
In base 8, what is -353 - 24?
-377
In base 16, what is 7222f - -7?
72236
In base 2, what is -1010 - 11101111011010?
-11101111100100
In base 8, what is 454160 + -16?
454142
In base 4, what is -3330 + -100?
-10030
In base 7, what is 42 + -1064?
-1022
In base 16, what is d - 1027?
-101a
In base 5, what is 1111 - -1440?
3101
In base 4, what is -32211 + -333?
-33210
In base 4, what is 2 + 301032?
301100
In base 10, what is -806 + -8?
-814
In base 12, what is -16 + 35bb?
35a5
In base 3, what is -11111012212 + -11?
-11111020000
In base 15, what is -955 + -d6?
-a3b
In base 3, what is -2 + 100122000220?
100122000211
In base 15, what is -1a21 + -7?
-1a28
In base 9, what is -232 + 1200?
857
In base 14, what is bd - -30da?
31b9
In base 14, what is 1 + 213524?
213525
In base 12, what is -68b + -18?
-6a7
In base 11, what is -6a6 - 3598?
-4193
In base 5, what is 43443040 - 4?
43443031
In base 12, what is -10 - -197?
187
In base 13, what is -41 - 778?
-7b9
In base 2, what is -101000 - 0?
-101000
In base 3, what is 12 + 1210222011?
1210222100
In base 11, what is 8a + 1a48?
2027
In base 2, what is 1010 + 1010000100?
1010001110
In base 14, what is 84 - 1c8?
-144
In base 8, what is 1 - 73524?
-73523
In base 12, what is 8032 - 0?
8032
In base 11, what is -5247 - -125?
-5122
In base 5, what is -11 - -104004?
103443
In base 2, what is -10 + -10011100010?
-10011100100
In base 5, what is 2004320 + 4?
2004324
In base 12, what is 45 + 74a?
793
In base 9, what is -4 + -26850?
-26854
In base 11, what is 3 - -91276a?
912772
In base 10, what is -3 + 93566?
93563
In base 4, what is -312322021 + -1?
-312322022
In base 4, what is -2112 + 12?
-2100
In base 11, what is -92 - -608a?
5aa8
In base 7, what is 11 - -11406?
11420
In base 11, what is -38 - 9410?
-9448
In base 4, what is 3010 + -2022?
322
In base 4, what is 123023312 + 21?
123023333
In base 5, what is 213304330 + 10?
213304340
In base 16, what is -6 - -1fcff?
1fcf9
In base 6, what is 0 - 313113?
-313113
In base 9, what is 886 + 45?
1042
In base 14, what is b8 + -1083?
-da9
In base 10, what is 0 + 7880?
7880
In base 16, what is -5 + 6202?
61fd
In base 3, what is 101122201122 - 1?
101122201121
In base 2, what is 10000101000011000 + 0?
10000101000011000
In base 14, what is 587ca - -3?
587cd
In base 10, what is 1 - -145719?
145720
In base 3, what is 120220002 - 12?
120212220
In base 14, what is 26d8c - 0?
26d8c
In base 12, what is -80a7 + -b?
-80b6
In base 12, what is 0 + 1a56?
1a56
In base 12, what is 9b - 18?
83
In base 15, what is 0 + 6489?
6489
In base 10, what is 0 - 215841?
-215841
In base 8, what is 0 - 4600603?
-4600603
In base 3, what is 100022210 - -2?
100022212
In base 15, what is ac9 + 4e?
b28
In base 7, what is -2223134 - -3?
-2223131
In base 11, what is 0 - -12457a?
12457a
In base 3, what is 1201200 - 220?
1200210
In base 8, what is 31723 - 174?
31527
In base 5, what is -434 + 102343?
101404
In base 3, what is -2120012000 + -1?
-2120012001
In base 12, what is -4 + 361?
359
In base 4, what is -31 - 22130?
-22221
In base 7, what is 600522 - -5?
600530
In base 8, what is -47 - 115?
-164
In base 12, what is -33 + -1112?
-1145
In base 8, what is -2210 + 30?
-2160
In base 4, what is 2 + 10212203?
10212211
In base 15, what is 856 - -1?
857
In base 7, what is 11434 - 5?